igit of d?
8
Let q(a) = 8*a**2 + a + 9. Let y = 92 - 88. What is the hundreds digit of q(y)?
1
Suppose 560 = -y + 6*y. Let j = -46 + y. What is the units digit of j?
6
Let q = -70 - -72. Suppose 5*m + q*m = 945. What is the hundreds digit of m?
1
Let k(i) = 10 + i**3 - 5 - 9*i**2 - 4*i + 6*i**3 + 9. Let c(h) = -4*h**3 + 4*h**2 + 2*h - 7. Let l(q) = -5*c(q) - 3*k(q). What is the tens digit of l(5)?
5
Suppose 10*a = 3385 + 2075. What is the units digit of a?
6
Suppose -8 = -0*u + 2*u. Let w be -2 + (u - -3) + 3. Suppose 4*s - 100 = -w*s. What is the units digit of s?
5
Suppose 3*b + 9989 = 4*i, 0 = 3*i - i + 4*b - 5022. What is the units digit of i?
1
Suppose -2*x - 4*u + 6590 = 0, 0 = x + 6*u - 2*u - 3305. What is the units digit of x?
5
Let m = -11 - -17. Suppose m = -3*t + 4*n, 2*n - 3 = -t + 5. Suppose -t*r + 42 = -0*r. What is the units digit of r?
1
Let q be 28/70 - (-358)/5. Suppose -4*d + 0*d - 2*g + 72 = 0, 5*g - q = -4*d. What is the tens digit of (d/4)/(1/12)?
5
Let d(l) = 3*l**3 - 16*l**2 + 6*l + 49. What is the tens digit of d(10)?
0
Suppose -8 = -8*s + 16. Suppose -2 = w, 0 = -s*q - 2*w + 304 + 58. What is the tens digit of q?
2
Suppose 0*u = 3*k + u - 311, 0 = -u + 5. Let l = k - 58. What is the tens digit of l?
4
Suppose -10 = 2*l, 0 = -2*n + n - 4*l + 469. Suppose 0 = -4*r - o + n, -r - 474 = -5*r + 2*o. What is the tens digit of r?
2
Let n = -39 - -31. What is the units digit of (22/(-8))/(n/224)?
7
Let g(i) be the third derivative of -2*i**4/3 + 19*i**3/3 + 34*i**2. What is the tens digit of g(-6)?
3
Let z(c) be the third derivative of -c**6/120 - c**5/12 - 7*c**4/24 + 3*c**3/2 - 26*c**2. What is the tens digit of z(-6)?
8
Suppose 101*q - 638 = 99*q. What is the units digit of q?
9
Suppose -5*q = 3*n - 54 - 77, 2*n + 6 = 0. Suppose c + q = -4*r, -4*r + 1 = 3*c + 45. Let o(k) = k**2 + 8*k + 19. What is the tens digit of o(c)?
1
Let b = 141 + 27. Let m = b - 39. What is the units digit of m?
9
Let z(t) = -210*t - 416. What is the units digit of z(-6)?
4
Suppose 0*z - 3*z = -198. Let c = z + 0. What is the units digit of c?
6
Suppose -8 = -2*y, -15*l = -11*l + y - 9916. What is the tens digit of l?
7
Suppose -5*x = 2*j - 3*x + 298, -2*x = -4*j - 608. Let i = j - -428. What is the units digit of i?
7
Let k be -1 - 1 - (-9)/(-1 - -4). What is the units digit of k/(-6)*3*-312?
6
Let t(f) = -f**3 + 2*f**2 + 20*f + 83. What is the tens digit of t(-7)?
8
Let y = 79 + 137. Suppose 4*s = -s + 745. Let c = y - s. What is the units digit of c?
7
Suppose -3*o - 4*z = 6, 10*o - 15*o + 4*z + 22 = 0. Suppose n + 2*j + j = 6, -2*n = 5*j - 10. What is the units digit of 5*o - n/(-8)?
0
Let q be (-10)/(-35) + (-172)/14. Let z = 23 + q. What is the units digit of (z - 0) + -2 + -1?
8
Suppose 0 = 9*u - 6*u - 48. Let h = u + -9. What is the units digit of h?
7
Let t(o) = 399*o**2 + 7*o + 8. What is the hundreds digit of t(-1)?
4
Let c = 5 - 2. Suppose -c*y = -0*y - 18. Suppose -u = -4*i - 13, 0 + y = -2*i. What is the units digit of u?
1
Suppose c + 460 = 5*c. Let i be (123/12)/(5/40). Let r = c - i. What is the tens digit of r?
3
Let q be (2 - 2)/(-1 - 0). Suppose 5*k - k - 160 = q. Suppose 0 = -2*s - 3*s + k. What is the units digit of s?
8
Suppose 2*r - 896 - 140 = 0. What is the tens digit of r?
1
What is the units digit of (-3269)/(-4) + (-10)/40?
7
Let m(p) = p + 6. Let l be m(14). What is the hundreds digit of l*(-3 - (-235)/25)?
1
What is the hundreds digit of 1312/(-2)*(-12)/((-504)/(-105))?
6
Suppose 0 = -3*b - 15 + 252. Suppose 4*h - 53 = b. What is the tens digit of h?
3
Let b(t) = -t**2 + 4*t + 11. Let y be b(-4). Let v = 50 + y. What is the tens digit of v?
2
Let b be 8/(-12) + 442/6 + 0. What is the tens digit of b + (-24)/(-60) + (-6)/(-10)?
7
Let f be 28/8*24/21. What is the tens digit of 89/4*(f + 0)?
8
What is the hundreds digit of (-6)/(18/(-6))*166?
3
Let s(h) = -2*h + 13. Let o be s(11). Let c(f) = f**2 + 5*f - 23. What is the units digit of c(o)?
3
Let q = -45 - -157. Let d = 175 - 173. Suppose -d*v + q = 2*v. What is the tens digit of v?
2
Let f(t) be the third derivative of 7*t**4/12 + 2*t**3/3 + 4*t**2. Let l be f(3). Let m = l - 24. What is the tens digit of m?
2
Let f(y) = y**3 - 2*y**2 - 2*y - 5. Let l(q) be the first derivative of -q**2/2 - 10. Let x(t) = f(t) + 2*l(t). What is the tens digit of x(5)?
5
Let c be 4/(-10)*30*-9. Suppose 3*f - 260 = 196. Let y = f - c. What is the units digit of y?
4
Suppose 0 = -23*g + 34244 + 9663. What is the units digit of g?
9
Suppose 4*w - t + 61 = -2*t, -2*w - 26 = -4*t. Let a = -11 - w. Suppose a*g + 3*r - 162 = 0, -g - 2*r = 2*g - 122. What is the tens digit of g?
4
Let q be 3 - (-2 - (-4)/4). Let h = q + -4. Let s(i) = i**3 + 2*i + 44. What is the tens digit of s(h)?
4
Let w(k) = k + 1. Let q = -10 - -9. Let b(z) = z**2 + 14*z + 7. Let h(c) = q*b(c) + 5*w(c). What is the units digit of h(-6)?
6
Let p be (-63)/(-6)*40/6. Suppose 4*m - 191 = g - p, 87 = 3*m - 2*g. What is the tens digit of m?
3
Let k = -30 - -30. Suppose 2*q - 8*q + 1194 = k. What is the hundreds digit of q?
1
Suppose h - 26 = -4*n, 8*h + 156 = 12*h + 3*n. What is the tens digit of h?
4
Suppose -20*n = -24*n + 1616. What is the tens digit of n?
0
Let w = 25 - 49. Let f = -9 - w. What is the tens digit of f?
1
Suppose -22*s + 23*s - 150 = 0. Suppose 2*t - p + 5*p = 60, -5*t + 5*p = -s. Suppose -3*n + 144 = -t. What is the tens digit of n?
5
Let b(c) = c**3 + 8*c**2 + 6. Let v be (-10)/(-14) + 12/42. Let y be -6 - ((-6)/(-3))/v. What is the units digit of b(y)?
6
Let n be ((-6)/(-7))/((-6)/(-294)). Suppose -l - 15 = -n. What is the units digit of l?
7
Suppose 4*i - 2*a - 101 = 1847, 3*i = a + 1461. What is the hundreds digit of i?
4
Suppose 0*v + 3*v = 0, -423 = -3*i - 5*v. Suppose -2*r + 2*x = -138, r - 3*r = x - i. What is the tens digit of r?
7
Suppose b - 14 = -c - 2*b, 5*b + 130 = 5*c. Let m = c - 40. Let w = -16 - m. What is the units digit of w?
1
Let k(a) = a**2 + 7*a - 57. Let u be k(5). Let h(v) = -14*v - 6. Let n(l) = -15*l - 6. Let b(o) = -5*h(o) + 4*n(o). What is the tens digit of b(u)?
3
What is the tens digit of (1002/(-12))/(((-36)/16)/9)?
3
Let o = -42 - -195. Let q = o + -72. Suppose 25 - q = -2*j. What is the tens digit of j?
2
Let x(g) = 6*g - g - 3 + 2*g + 14. Let f(i) = 3*i + 5. Let h(t) = -5*f(t) + 3*x(t). What is the units digit of h(6)?
4
Suppose 369 - 2775 = -6*i. What is the hundreds digit of i?
4
Let f(q) = -q**3 + q**2 + q. Let p(h) = -4*h**3 - 12*h**2 - 9*h + 10. Let m(n) = -3*f(n) + p(n). Let s be m(-14). Let g = s + 19. What is the units digit of g?
1
Let m be (-8)/(-3) - (-4)/12. Suppose -4*z + n = -29, -18 = -3*z + m*n + 6. Let t(x) = -x**3 + 6*x**2 + 9*x - 1. What is the units digit of t(z)?
3
Let r = -481 - -748. What is the hundreds digit of (-8 + 3)*r/(-15)*2?
1
Suppose -c - 12*t = -13*t - 58, 0 = 5*c + 2*t - 290. What is the units digit of c?
8
Suppose -88 = 31*s - 39*s. Suppose -1469 = -s*f + 6*f - r, -5*r - 1475 = -5*f. What is the units digit of f?
4
Suppose 0*u - 20 = -4*u + 4*n, 7 = 3*u + 5*n. What is the units digit of (12 + u)/(-4) + 16?
2
Let x(p) = p**3 + 6*p**2 - 2*p - 4. What is the tens digit of x(5)?
6
Let q(v) be the second derivative of -v**5/10 - 2*v**4/3 - 3*v**3/2 - 2*v**2 + 7*v. Let z be q(-5). Let t = z - 43. What is the tens digit of t?
4
Let o be ((-72)/(-20))/(3/10 + 0). What is the tens digit of (91/o + (-1)/(-6))*8?
6
What is the tens digit of 11/(-2)*(-11)/((-11)/(-362))?
9
Let z = -15 + 19. Suppose 4*p - 46 = -u - p, -2*u - z*p = -80. What is the tens digit of u?
3
What is the thousands digit of (32934/(-88))/((-2)/8)?
1
What is the tens digit of ((-16716)/(-1990))/((6/(-815))/(-3))?
2
Let z(s) = -s**3 - 7*s**2 + 2. Let i be z(-7). Let l(o) = -4*o**3 + o + 3 - i + o**3 + 2*o**3. What is the units digit of l(-2)?
7
Let b be 5/((-2 - 2)/(-4)). Suppose b*m - 163 = 152. What is the units digit of m?
3
Suppose -5*s = -15 - 25. Let a be s*6*(-4)/32. What is the units digit of a*(1 - (-6)/(-4))?
3
Let h(a) = 1498*a**2 - 2*a + 1. What is the tens digit of h(1)?
9
Suppose -3*m + 28 = 4*t, 52*m - 48*m - 3*t = 79. What is the units digit of m?
6
What is the thousands digit of -2332*7/(-10 - 4)?
1
Suppose 2*d = -5*s + 93 + 200, -747 = -5*d + 2*s. What is the 